-24*l + 2742 = -4050. What are the prime factors of l?
283
Suppose -3 = -w + 10. Suppose 0*n - w = -n. What are the prime factors of n?
13
Suppose j - 3*b - 143 = -3*j, 177 = 5*j - 2*b. What are the prime factors of j?
5, 7
Suppose 0 = -5*l - 5*b + 35, 4*l = 6*l - 4*b - 26. List the prime factors of l.
3
Let b = 26 - 26. Suppose -12*q + 8*q + 68 = b. What are the prime factors of q?
17
Suppose 5*a + 1 = 106. List the prime factors of a.
3, 7
Let j = 3 - 6. Let k = 5 + j. List the prime factors of k/(-6) + 56/6.
3
Suppose -f - 70 = 33. Let j = -54 - f. List the prime factors of j.
7
Suppose -5*s = -s - 96. What are the prime factors of s?
2, 3
Suppose 101 = 7*n - 95. What are the prime factors of n?
2, 7
Suppose 2*z = 4*x - 8, 5*z = 2*z + x - 7. Let a be 6*(-1)/z + 0. Suppose y = -h + 4*h - 19, h = a*y + 9. What are the prime factors of h?
2, 3
Let b = -2 - -6. What are the prime factors of b*1/(4 + -3)?
2
Let c(p) = p**2 + 33 + 3 + p**3 + 0*p**2. List the prime factors of c(0).
2, 3
Let b(d) = -30 + 2*d**2 + d - 2*d + 28 + 3*d. What are the prime factors of b(2)?
2, 5
Let a be 1/4 - (-515)/20. Let m = a + -13. What are the prime factors of m?
13
Let l(d) be the second derivative of -d**3/6 + 5*d**2/2 + d. List the prime factors of l(-4).
3
Let u(r) = 54*r**2 + r. Let n be u(1). List the prime factors of (-44)/n*(-30)/2.
2, 3
Let h be 3 - (-4 - 1) - 3. Let b = 8 - h. Suppose -5*i + 39 = 4*t, 18 = 2*i + 7*t - b*t. List the prime factors of i.
7
Let k(n) = -n**3 + 5*n**2 - 4*n - 3. Let r be k(4). List the prime factors of 12/9 - 2/r.
2
What are the prime factors of ((-69)/(-4))/((27/56)/9)?
2, 7, 23
Let v = 0 - -2. Let b(p) = -p + 17. Let g(j) = 6. Let s(m) = -3*b(m) + 8*g(m). What are the prime factors of s(v)?
3
Let z = -108 + 30. Let n = z - -136. What are the prime factors of n?
2, 29
Let i be (1/(-3))/((-2)/(-30)). Let f = -5 - i. Suppose 0 = y + v - 7, 2*y + v - 2*v - 5 = f. What are the prime factors of y?
2
Suppose -3*p - 645 = -7*p - j, -2*j - 330 = -2*p. List the prime factors of p.
2, 3
Let v be (-32)/(-5) - 4/10. Let u be (v/(-5))/((-6)/20). Suppose -u*l + 28 = 4*a, -2*a - a = l - 5. What are the prime factors of l?
2
Suppose 344 = 2*j + 4. What are the prime factors of j?
2, 5, 17
Let s(b) be the third derivative of b**6/120 - b**5/20 - b**4/6 + b**3/3 + 3*b**2. What are the prime factors of s(4)?
2
Let v = 22 - 20. Suppose -2*j - v*j = 2*b - 22, -3*b = j - 3. List the prime factors of j.
2, 3
Let v(o) = o**2 + 2*o + 1. Let b be v(5). What are the prime factors of (-6 - b)*2/(-6)?
2, 7
Let w be ((-28)/(-16) + 0)*-24. What are the prime factors of (-327)/(-7) + (-12)/w?
47
Let r = 6 + 11. What are the prime factors of r?
17
Suppose 2*u = 3*v - 2*u - 22, 0 = -4*v - u + 4. Suppose -v*x + 3*x = 3. Let y = x + -1. What are the prime factors of y?
2
Suppose 0*r - 5 = -r. Let y(n) = 7*n - 7. What are the prime factors of y(r)?
2, 7
Suppose -5*s + 23 = 3. Suppose 2*x - 10 = -s*o, -4*o - 5 = 3*x - 28. List the prime factors of x.
13
Let r(a) = a**2 + 9*a + 10. List the prime factors of r(-9).
2, 5
Let c be 920/4*(-3 + 4). Suppose -5*d = -0*d - c. List the prime factors of d.
2, 23
Let z be 16/(-9) - (-2)/(-9). Let l = 2 - -1. List the prime factors of (4*l)/(3 + z).
2, 3
Let a(g) = g**3 - 6*g**2 - 8*g - 2. Let y be a(7). Let q(n) = n**3 + 9*n**2 - 2*n - 7. List the prime factors of q(y).
11
Let l be 51/2*4/6. Suppose 2*j + 68 = 4*y, 4*y + j + l = 5*y. List the prime factors of y.
17
Suppose -2*i - 18 = 8. Suppose -4*p = -p - 60. Let m = i + p. List the prime factors of m.
7
Let g be (-2)/9 - (-10)/45. Suppose g = y + 3*b - 17, -y - b = -2*y + 21. List the prime factors of y.
2, 5
Suppose -2*f - 144 = f. List the prime factors of (8/(-6))/(4/f).
2
Suppose 3*g + 2*g = 910. List the prime factors of g.
2, 7, 13
Suppose -2*s - 2*s = -40. Let j = s - 33. Let g = 33 + j. What are the prime factors of g?
2, 5
List the prime factors of 684*(-88)/(-22)*(-1)/(-8).
2, 3, 19
Let r(j) = 7*j**3 - 4*j + 3. Let l(c) = 14*c**3 - 9*c + 7. Let s(b) = 4*l(b) - 9*r(b). What are the prime factors of s(-1)?
2
What are the prime factors of (-18)/12 - 210/(-4)?
3, 17
What are the prime factors of 252/8*8/12?
3, 7
Let x = -98 + 143. Suppose -2*z + x = -11. What are the prime factors of z?
2, 7
Suppose 0 = -0*a + 2*a - 3*g + 1, -a - 3*g + 13 = 0. Suppose -4*f + 2*o - 6 = 0, 4*o = a*f - o - 3. List the prime factors of 5*((-99)/(-15) + f).
2, 3
Let j(d) = d**3 + 7*d**2 + 10. Let w be j(-7). Let s(q) = -q**3 + 7*q**2 - 7*q + 9. Let x be s(6). Let n = x + w. List the prime factors of n.
13
Let h(l) = -6 + 4 - 3*l + l. Let n be h(-3). Suppose 3*b = -b - n, 0 = g + b - 13. What are the prime factors of g?
2, 7
Suppose 4*z = -5 + 13. Suppose -4*w - l + 14 + 14 = 0, -z*l = 8. What are the prime factors of w/6 - (-10)/15?
2
Let v be (-10)/45 + 20/9. Let h be 3 - -2*v/4. Suppose -2*r - 48 = -3*o + r, -64 = -h*o - 5*r. List the prime factors of o.
2
Suppose 4*d + 69 = 349. Suppose 5*c = 3*v + 83 - 18, 2*v + d = 5*c. List the prime factors of c.
2
Let k = -6 - 130. Let z be (-4)/(-14) + k/(-14). List the prime factors of (1 - z)/((-6)/4).
2, 3
Let s(j) = -8*j**3 + j**2. What are the prime factors of s(-3)?
3, 5
What are the prime factors of (-7)/(-2)*(4 - -4)?
2, 7
Let q(g) be the first derivative of -g**5/60 - g**4/6 + g**3 + 3. Let y(x) be the third derivative of q(x). What are the prime factors of y(-5)?
2, 3
Let b(s) = s**2 + 3*s - 10. What are the prime factors of b(11)?
2, 3
Let q(x) = x**3 + 2*x**2 - x. Let o be q(1). Suppose 4*s - 10 = o*s. Suppose 3*p - 7 - s = 0. What are the prime factors of p?
2
Let g(h) = 107*h**2 + h - 1. Let s be g(1). Let m = s - 65. List the prime factors of m.
2, 3, 7
Let i(n) = -n + 2. Let b be i(-3). Suppose 60 - 175 = -b*k. List the prime factors of k.
23
Suppose -1 - 21 = -2*y + 4*h, 5*y - 19 = h. Let u be ((-3)/(-6))/(y/24). Suppose u*i - 2*r + 14 - 60 = 0, 4*i = r + 41. List the prime factors of i.
3
Let j = 23 - 17. List the prime factors of j.
2, 3
Suppose 5*d + d = 300. What are the prime factors of d?
2, 5
Suppose 6*s + 33 = 3*s. Let u be (-460)/s - 4/(-22). Suppose -3*d + u = -3*n, -3*d - 1 = 3*n - 19. List the prime factors of d.
2, 5
Let w = -1 + -3. Let m be 0/(w/1 + 2). Suppose 3*g + 0*g - 36 = m. List the prime factors of g.
2, 3
Suppose -u + 3*u = 5*y + 434, -u - 2*y = -199. Let q be u/6 + (-2)/(-4). Suppose -5*m + q + 20 = 0. What are the prime factors of m?
11
Suppose -5*r + 371 = -3*u, 0 = -r + 2*r - 3*u - 67. What are the prime factors of r?
2, 19
Let x = -8 + 5. Let s = 5 - x. Let o = -6 + s. List the prime factors of o.
2
Suppose 2*z - 71 = -3*n + 131, 5*z - 4*n = 551. What are the prime factors of z?
107
Let i(h) = -h**3 - 3*h**2 + 32*h + 11. List the prime factors of i(-9).
11, 19
Let d(t) = 13*t - 60. What are the prime factors of d(15)?
3, 5
Suppose 5*d = 4*d + 23. List the prime factors of d.
23
Let n be 20/((-2)/1) - -1. Let p = 14 + n. What are the prime factors of p?
5
Let a(l) = l**2 - 4*l - 4. Let g be a(5). Suppose -r + g = -4. Suppose -5*y = r*x + 5, -2*x - 3*x = -5*y + 25. What are the prime factors of y?
2
Suppose 4*u + g = 2*u + 3, 4*u - 13 = 5*g. Suppose -5 + 31 = 3*a - 5*y, a - u*y = 8. What are the prime factors of a?
2, 3
Let y(w) = -6*w**2 - 9*w + 4*w**2 + w**2. Let x = 11 + -19. List the prime factors of y(x).
2
Suppose 4*p = -4 + 20. Let u be (-18)/(-4) + (-1)/(-2). Suppose -p*f = m - 7, 0*f + 7 = m - u*f. What are the prime factors of m?
7
Let q = 4 - -9. Suppose 5*w - q - 2 = 0. What are the prime factors of w?
3
List the prime factors of ((-12)/(-30))/(4/370).
37
Let h = -18 - -2. List the prime factors of 56/(-32)*(0 + h).
2, 7
Let h(n) = -n**2 + 4*n + 2. Let b be h(3). Suppose 2*g + 110 = b*r, -4*g + 68 = -r + 3*r. What are the prime factors of r?
2, 3
Suppose 4*l - 5*l = 14. Let x = 29 + l. List the prime factors of x.
3, 5
List the prime factors of (25 - 5)/(-5) - -297.
293
What are the prime factors of (1410/(-4))/15*(-6)/1?
3, 47
Suppose -r + 13 = 3*x, 2*x - 2*r - 14 = -0*x. Let c(p) = -p**3 + 6*p**2 - 5*p + 1. Let u be c(x). List the prime factors of ((-2)/(-6))/(u/9).
3
Let d(j) = 34*j**2 - 1. Let w be d(1). Suppose w = 5*f - 2. List the prime factors of f.
7
What are the prime factors